 of 12 and r.
12
Suppose -74*k + 2*q = -79*k + 1723, 0 = k + 4*q - 341. Calculate the greatest common divisor of 75 and k.
15
Let u be (-5 - (-7 - -4))*-2. Suppose 9*q = u + 14. What is the greatest common factor of q and 24?
2
Let y(t) = -10*t - 10. Let b be y(-5). Suppose -3*g = -5*g + b. Calculate the greatest common factor of g and 40.
20
Let v(c) = 5*c + 20. Let b be v(-3). Suppose m + 50 = b*y - 3, 23 = 2*y - m. Calculate the highest common divisor of 2 and y.
2
Suppose 19 = 4*q + 31. Let i = 29 + q. What is the highest common divisor of i and 65?
13
Let b(d) = -d**3 + 14*d**2 + 15*d + 4. Let x be b(15). Suppose 0 = -3*n + r + r + 16, 5*r - 29 = -x*n. Calculate the greatest common factor of 30 and n.
6
Let v be (-1 - 3)*(-33)/12. Let i = 34 - 23. What is the highest common factor of i and v?
11
Suppose 0 = 98*u - 88*u - 12920. Calculate the greatest common divisor of u and 76.
76
Let i be ((-6)/(-6) - -1) + 66. What is the highest common factor of 68 and i?
68
Let k be (-1 - 91/(-21))/(2/117). Suppose 8*f - k = 69. Suppose -5*x + 4*x - 3*r + 96 = 0, 0 = -2*x - 5*r + 193. What is the highest common divisor of f and x?
33
Let u = 20523 + -20486. Suppose -4*z + 20 = 0, 0*z + 4*z = -5*n + 945. Calculate the greatest common divisor of n and u.
37
Let d be (-2 + 0)/(1/4). Let z = 7 + d. Let j(m) = 20*m**2 + m + 1. Let n be j(z). Calculate the greatest common divisor of 5 and n.
5
Let o(n) = -12*n + 965. Let s be o(70). What is the highest common divisor of 4000 and s?
125
Let r = 52 + -52. Suppose r = -c + 5*c - 72. What is the highest common factor of 2 and c?
2
Let z be 2/(-4)*-2 + (244 - 14). Suppose s - 3*s + 16 = 0. Suppose -2*o = -s - 34. What is the greatest common divisor of z and o?
21
Suppose -18*u + 1353 = 15*u. Calculate the greatest common factor of 164 and u.
41
Let d be (39/52)/((-2)/(-96)). Let a = -3 + d. What is the greatest common factor of a and 22?
11
Let u = -1155 - -570. Let k = -353 - u. Calculate the highest common divisor of 29 and k.
29
Suppose 5*s = 3253 - 703. What is the highest common divisor of 30 and s?
30
Suppose 3*y - 7*y + 168 = 0. Let q = -71 - -105. Let t be 3*4/(24/q) - 3. What is the highest common factor of t and y?
14
Suppose -5*a = -0*j + 3*j - 484, -3*j - 3*a + 492 = 0. Suppose -54*r = -915 - 219. Calculate the greatest common factor of r and j.
21
Let v be ((-9)/(-14))/((-135)/(-2880))*7. Suppose 24 = -3*u + 4*u. Calculate the greatest common divisor of u and v.
24
Let n be ((-20)/(-15))/((-8)/(-18)). Suppose 3*q = -2*y - 4, q - 7 = -n*y + 3*q. Let g be -1 + 10 + 2 + y. What is the highest common divisor of 60 and g?
12
Suppose 0 = 168*h - 50*h - 251930. Calculate the highest common divisor of h and 35.
35
Let p = 19 - 15. Suppose 0 = 2*q + p, -4*q = 3*o - 5*q - 83. Calculate the greatest common factor of 27 and o.
27
Let p(l) = l**2 - 17*l + 21. Let b(z) = 8*z. Let v be b(2). Let t be p(v). Suppose 0*r - t*r + 20 = 0. Calculate the greatest common divisor of 28 and r.
4
Suppose 0 = 3*u + 2*b - 6, -u = -3*u + 5*b - 15. Suppose u = 5*q - 0*q + 75. Let d be -2 - (q - (2 + 0)). What is the highest common divisor of 75 and d?
15
Suppose -2*n + 33 = 3*d - 45, d - 16 = -4*n. Let s be (-308)/((-55)/5)*6/4. Calculate the greatest common factor of s and d.
14
Let z(g) = 6*g + 254. Let x be z(-42). Calculate the greatest common divisor of x and 1.
1
Suppose 10*m - 8*m - 16 = 0. Let u(c) = -3 + 4 + 3*c**2 + 8 + m*c - 1. Let t be u(-7). Calculate the greatest common divisor of t and 9.
9
Suppose 3*n + 41 = v, -n + 3*v - v = 22. Let b be (-123)/n - (-2)/(-8). Let q be ((-8)/b)/((-4)/10). What is the highest common factor of 3 and q?
1
Suppose -o = 12 - 3. Let f(w) = w**2 + 10*w + 7. Let b be f(o). Let k be (-186)/(-12) + b/(-4). Calculate the greatest common factor of 48 and k.
16
Let h be ((-54)/45)/((-1)/25). Suppose -6*m + m = -h. Calculate the greatest common factor of m and 15.
3
Suppose 0 = 2*b - 49 - 21. Let p = 44 - b. Let t = 93 - 48. What is the highest common divisor of p and t?
9
Let w be (-103 - -104)/(1 + 62/(-63)). Calculate the highest common factor of 9 and w.
9
Suppose 3*g = -3*y + 90, 4*g = -2*y - 7 + 123. Calculate the highest common factor of g and 12.
4
Let r be (100/45)/((-15)/(405/(-6))). What is the highest common divisor of 270 and r?
10
Let o = 12 + -19. Let c = 5 + o. Let w be (c/2)/(5/(-55)). Calculate the greatest common factor of w and 55.
11
Let n(u) = 3*u**3 + 37*u**2 + 8. Let t be n(-12). What is the greatest common factor of t and 190?
38
Suppose -3*u + 26 = -5*l + 9, l + 5*u = -9. Let y be (2/(-3))/(-1*l/(-192)). Calculate the greatest common factor of y and 4.
4
Let r(g) = 16*g. Let b be r(3). Calculate the highest common divisor of b and 12.
12
Suppose 3*z - 18 = -3*h + 2*h, 5*z - 2*h = 30. Suppose -4*l + 30 = z. Let x(o) = -o. Let a be x(-3). What is the greatest common divisor of l and a?
3
Suppose 3*t - 5 = 1. Suppose 5*u + 1 = -z, -5*u - 2*z + 1 = 3. Let w be 2/(-8)*(-4 + u). Calculate the greatest common divisor of t and w.
1
Let x be -18 + 28 - (-46 + 0). What is the greatest common factor of x and 70?
14
Suppose -2*b - 135 = -5*b. Let g be (b/12)/(4/32). Let x be -5*(1 + -4) - 0. What is the greatest common divisor of x and g?
15
Let m(s) = -s**3 - 32*s**2 + 58*s - 55. Let i be m(-34). What is the highest common divisor of i and 15?
15
Let h(l) = -l**2 - 12*l - 3. Let u be h(-13). Let y be (u - 0)/(16/(-8)). Suppose 5*o = o + y. Calculate the highest common factor of o and 2.
2
Let a be ((-600)/350)/(2*2/(-28)). Calculate the highest common divisor of a and 606.
6
Suppose -970*p = -972*p + 252. Calculate the greatest common factor of 90 and p.
18
Let q = 28 + -14. What is the highest common factor of q and 238?
14
Let l(a) = -2*a. Let k be l(-4). Let c(h) = 50*h**3 + h**2 - 2*h - 2. Let p be c(-1). Let g be (-4)/14 - 798/p. What is the highest common divisor of g and k?
8
Let a(g) = 7*g - 58. Let n be a(10). Calculate the highest common factor of 10 and n.
2
Let j(z) = -z**2 + 45*z - 426. Let r be j(26). Calculate the highest common divisor of 425 and r.
17
Let m(t) = -t**2 - 5*t. Suppose -3*i + 5*k = 34, 0 = i + 5*k + 2 - 24. Let p be m(i). Let d = 162 + -156. Calculate the highest common divisor of p and d.
6
Suppose 5*h - 19 = -4*p + 50, 5*h = 5*p - 30. Let c(f) = 4*f**2 + 4*f + 4. Let d be c(-6). Let m = d + -25. What is the greatest common divisor of m and p?
11
Suppose 28 = 4*k + 68. Let s = k - -33. Calculate the greatest common divisor of 161 and s.
23
Suppose 37*y - 29*y = 552. Calculate the highest common divisor of 161 and y.
23
Let w = -7 + 49. Let o = w + -38. What is the highest common factor of 4 and o?
4
Suppose 3*k - 2 = 4. Suppose -d = k*d - 5*a, d - 1 = 2*a. Let f(z) = z**3 + 5*z**2 - 3*z - 10. Let w be f(d). Calculate the highest common divisor of w and 25.
5
Let u(q) = q**3 - 20*q**2 - 7*q - 104. Let w be u(22). Calculate the highest common factor of 10 and w.
10
Let i be 2*6/(-18)*756/(-2). What is the greatest common factor of 36 and i?
36
Suppose -263 = -5*j + 5*x + 107, 5*j - x = 366. Let f = 172 - j. Let b be (-3)/(-1 - (-20)/22). What is the greatest common factor of b and f?
33
Let t(j) be the second derivative of -j**5/20 + 7*j**4/12 - 5*j**3/6 + 2*j**2 - 7*j. Let z be t(6). Calculate the highest common factor of z and 90.
10
Let n be 135 - 1 - (-26 + 30). What is the highest common factor of n and 325?
65
Let n(q) = 15*q - 26. Let w(i) = 7*i - 13. Let v(t) = 6*n(t) - 13*w(t). Let h be v(10). What is the highest common factor of 12 and h?
3
Let r(v) = -40*v + 6. Let x be r(10). Suppose 3*o - 18 = 3. Let w be o/14 + x/(-4). Calculate the greatest common factor of 9 and w.
9
Let p = 101 + -46. What is the greatest common divisor of p and 22?
11
Let k(w) = w**2 + w - 2. Let t be k(6). Suppose q = 5*q - t. Suppose -2*u = -2*l - 92, -8*l = -u - 3*l + 30. What is the greatest common divisor of q and u?
10
Let n = -592 + 605. Calculate the highest common factor of 507 and n.
13
Suppose 13*j = 9*j - 3168. Let a be j/(-27) - (-2)/(-6). Calculate the highest common divisor of 145 and a.
29
Let q(v) = -v**3 - 6*v**2 + 9*v + 57. Let d be q(-7). What is the greatest common factor of 473 and d?
43
Let d = -189 + 244. Calculate the greatest common f